mmon factor of 9720 and 314760?
120
Calculate the highest common divisor of 222816 and 71782200.
5064
Calculate the highest common divisor of 46755552 and 194.
194
What is the highest common factor of 15 and 1569534?
3
Calculate the highest common divisor of 1010 and 145660.
10
Calculate the highest common factor of 21689 and 2239625.
943
Calculate the greatest common factor of 2912126 and 56.
14
Calculate the greatest common factor of 34076 and 10242272.
4868
What is the highest common factor of 172 and 7378069?
43
What is the greatest common divisor of 18732 and 140820932?
6244
What is the highest common factor of 828 and 558808?
92
Calculate the highest common divisor of 332 and 5327104.
4
Calculate the greatest common factor of 6435 and 3166605.
585
Calculate the highest common divisor of 260 and 50102140.
20
What is the highest common factor of 4248090 and 18480?
2310
What is the greatest common divisor of 67818278 and 22?
22
Calculate the highest common divisor of 12 and 5490516168.
12
Calculate the greatest common factor of 497100 and 2308.
4
What is the highest common factor of 60528 and 8568?
24
What is the greatest common factor of 184314 and 295152?
78
What is the highest common divisor of 50050 and 112021?
91
What is the greatest common divisor of 23 and 20987201?
23
What is the highest common factor of 18296676 and 4?
4
Calculate the greatest common divisor of 56578873 and 17.
17
What is the highest common factor of 962424 and 990?
18
Calculate the highest common divisor of 1374085949 and 7985.
1597
Calculate the highest common divisor of 938192 and 686452.
1228
Calculate the highest common divisor of 11747 and 1667383.
691
Calculate the greatest common divisor of 59061233 and 385.
77
What is the greatest common factor of 1672 and 45875918?
418
What is the highest common factor of 7597 and 13505647?
107
Calculate the highest common factor of 20442846 and 615.
123
What is the highest common divisor of 63069094 and 10450?
418
Calculate the greatest common divisor of 696 and 426806340.
348
Calculate the greatest common divisor of 595 and 2226035.
35
Calculate the greatest common factor of 7 and 99324211.
7
What is the highest common factor of 17105 and 424248?
11
What is the greatest common factor of 236 and 52432592?
236
Calculate the highest common factor of 15252 and 1277478.
246
Calculate the greatest common factor of 466796 and 352.
44
Calculate the highest common divisor of 556406 and 5855768.
5402
What is the greatest common divisor of 128326 and 946352?
418
Calculate the highest common factor of 157 and 185395177.
157
Calculate the greatest common divisor of 100440 and 186279.
93
What is the greatest common divisor of 124470 and 770040?
270
Calculate the greatest common divisor of 1122 and 366542.
22
What is the greatest common factor of 995904 and 170164?
76
What is the highest common divisor of 91 and 824257?
7
What is the greatest common factor of 7310 and 1031857670?
7310
Calculate the greatest common factor of 2280663 and 63126.
189
What is the greatest common factor of 1120 and 39726784?
32
Calculate the highest common divisor of 13139 and 30639.
7
Calculate the greatest common divisor of 543181900 and 700.
100
What is the greatest common divisor of 627 and 29253540?
57
What is the greatest common factor of 1529856 and 315?
9
Calculate the highest common factor of 408 and 12796971.
51
What is the greatest common factor of 98496283 and 187?
17
What is the highest common factor of 136 and 1972949518?
34
Calculate the greatest common factor of 6565 and 2662865.
505
What is the highest common factor of 147 and 1486317?
147
Calculate the greatest common divisor of 58 and 1874200429.
29
What is the highest common divisor of 795 and 120795?
15
What is the greatest common factor of 5973 and 1243651?
181
Calculate the greatest common factor of 61 and 211445459.
61
Calculate the highest common divisor of 199044 and 79540.
388
What is the highest common divisor of 7428 and 91479534?
3714
What is the greatest common divisor of 81 and 5248719?
81
What is the highest common factor of 4375 and 480000?
625
Calculate the greatest common divisor of 2645174 and 210.
14
Calculate the highest common factor of 1233 and 17460924.
411
Calculate the highest common divisor of 15309 and 43306974.
2187
Calculate the highest common factor of 35332 and 161535.
121
Calculate the greatest common divisor of 6066797 and 17.
1
What is the greatest common divisor of 44181 and 19901086?
4909
What is the greatest common divisor of 555 and 19165980?
15
What is the greatest common factor of 13417610 and 7790?
190
What is the greatest common divisor of 2320 and 415280?
2320
Calculate the highest common factor of 3590958 and 438882.
1158
What is the highest common divisor of 36450 and 228450?
150
What is the greatest common divisor of 18456 and 1240248?
24
Calculate the highest common factor of 123728 and 5513.
37
Calculate the greatest common divisor of 350901085 and 1345.
1345
What is the greatest common divisor of 2547109 and 53761?
1453
Calculate the highest common factor of 256 and 334769408.
256
Calculate the highest common divisor of 23640 and 26310.
30
What is the highest common factor of 81184 and 3920?
16
What is the highest common divisor of 1881692 and 235?
47
What is the greatest common factor of 318 and 39161594?
106
Calculate the greatest common factor of 42075 and 1596760.
55
What is the highest common divisor of 15928 and 29656?
88
What is the greatest common divisor of 9120 and 66304680?
2280
What is the highest common factor of 503315 and 387?
43
What is the greatest common divisor of 11051154 and 9?
9
Calculate the greatest common divisor of 137900 and 28700.
700
What is the highest common divisor of 14390 and 70?
10
What is the highest common divisor of 18 and 362043306?
18
What is the greatest common divisor of 38400040 and 560?
280
What is the greatest common divisor of 236912484 and 58?
58
What is the greatest common divisor of 3557204 and 49?
49
Calculate the highest common divisor of 48774795 and 45.
15
Calculate the highest common divisor of 1000 and 57501500.
500
Calculate the greatest common factor of 5274 and 10413126.
18
What is the highest common factor of 27 and 20881167?
3
Calculate the highest common divisor of 249 and 144661281.
249
Calculate the greatest common divisor of 580 and 4792053380.
580
What is the highest common factor of 222000 and 18519000?
3000
What is the greatest common factor of 4955 and 149?
1
Calculate the greatest common factor of 158880 and 3632394.
1986
What is the highest common divisor of 118859984 and 3034?
3034
Calculate the greatest common factor of 25 and 3239950.
25
Calculate the greatest common divisor of 16 and 35188976.
16
Calculate the highest common divisor of 1912347 and 2584.
17
Calculate the highest common factor of 15111 and 12443.
23
What is the greatest common divisor of 3084717 and 1767?
93
Calculate the highest common divisor of 1165842 and 38001.
717
What is the highest common divisor of 2860 and 343486?
286
What is the highest common divisor of 164 and 5233340204?
164
What is the highest common divisor of 16175 and 301975?
25
Calculate the greatest common factor of 20520 and 6929528.
152
Calculate the highest common factor of 316 and 360700.
4
What is the highest common divisor of 408 and 7057958?
34
What is the highest common factor of 174 and 63847995?
87
What is the highest common factor of 104456802 and 2765?
79
Calculate the greatest common divisor of 2982 and 24190836.
426
Calculate the greatest common factor of 3852 and 4017957.
321
What is the greatest common divisor of 10638138 and 7182?
798
Calculate the greatest common factor of 44 and 951214.
22
What is the highest common factor of 3417 and 89378469?
3417
Calculate the highest common factor of 9442922 and 332369.
4553
Calculate the highest common factor of 1598151 and 2814.
201
Calculate the highest common divisor of 107182008 and 54.
54
What is the highest common divisor of 10367448 and 564186?
4242
Calculate the greatest common divisor of 12990 and 13734760.
4330
Calculate the greatest common divisor of 30 and 3002620650.
30
What is the highest common divisor of 523 and 221471149?
523
What is the highest common di